-4)*1. Suppose t - 1 = i. Calculate the greatest common divisor of y and i.
1
Let g(p) = 11*p**2 + 54*p + 7. Let a be g(-5). Calculate the greatest common divisor of 588 and a.
12
Let t(u) = 4 + 9*u**2 + 5 - 34*u**3 + 33*u**3 - u. Let h be t(9). Suppose h = 2*z - 14 - 18. Calculate the highest common divisor of z and 24.
8
Let v be ((-3 - -6)/(-3))/((-3)/144). Calculate the highest common divisor of v and 80.
16
Let t be 14/(-6)*(-88)/(-28)*-48. Let y = t - 33. Calculate the highest common divisor of y and 29.
29
Suppose 0 = -j + 56 - 17. Let w = 21 + j. Let v = w + -12. What is the greatest common factor of 6 and v?
6
Suppose v = -4*y + 17, -2*v - 14 = -y - 3. Calculate the greatest common divisor of 5 and y.
5
Suppose 4*o + 1 + 6 = a, 14 = 4*a - 2*o. Let v be 16/1*(-12)/(-24). Suppose -5*k + v = -2. Calculate the greatest common divisor of a and k.
1
Let z(r) = 18*r + 424. Let u be z(-22). Let l = 363 - 139. Calculate the greatest common divisor of u and l.
28
Suppose 3*k - 2*c = -4*c + 70, 2*k = 2*c + 40. Calculate the highest common divisor of k and 33.
11
Suppose 4*g - d = 72, -16 + 19 = -g - 5*d. Let t = 166 - 115. What is the highest common divisor of g and t?
17
Let c = -7 + 9. Suppose c*h - 122 = 100. Suppose -5*m - 4*l = -107 - h, m + 5*l - 52 = 0. Calculate the greatest common divisor of m and 6.
6
Let q(l) = -l**3 + 12*l**2 - 13*l - 1. Let m be q(10). Let c be (-133)/57 + 228/9. Calculate the greatest common divisor of c and m.
23
Suppose -6*u + 150 = 30. Let s be (-2)/(-4)*(6 - -4). Calculate the greatest common factor of s and u.
5
Suppose 4*q - a = 291, 4*a + 115 + 113 = 3*q. What is the greatest common divisor of 144 and q?
72
Let x be 1/(4/(-67))*4. Let l = x + 133. What is the greatest common factor of l and 22?
22
Suppose 3*l + 13 - 114 = 2*f, 3*f = -5*l + 200. Let p = l - 28. Calculate the highest common factor of 45 and p.
9
Let f be 1694/8 + 1/4. Let v = -382 + f. Let r = -116 - v. What is the highest common divisor of r and 36?
18
Let q be 1/(-4) + 201*14/24. Calculate the greatest common divisor of 9 and q.
9
Suppose -54*p = -16*p - 3040. Calculate the greatest common divisor of 15 and p.
5
Suppose -2*o - 2*o + 4*r = 16, 0 = o + 4*r - 21. Suppose -1 - o = -2*m. What is the greatest common factor of m and 4?
1
Let q(l) = -5*l**2 + 6*l + 338. Let m be q(0). What is the greatest common divisor of 156 and m?
26
Let c be (-4)/(-8) - (-2)/4. Let o be 3 + 15 - (2 + c). Calculate the highest common divisor of o and 5.
5
Suppose 0 = -2*l - 6, 2*x + x - 15 = 5*l. Suppose 12*z - 2065 + 529 = x. Calculate the greatest common factor of z and 8.
8
Suppose 0 = c + 3*c - 4, -4*c = -i + 35. Suppose -4*g = 12, 4*d - g = 3*g + 28. Suppose d*n - 143 = -39. What is the greatest common factor of n and i?
13
Suppose -3*t = -5*r + 4 - 0, -t - 1 = -2*r. Let o be -90*(r - 3/(-9)). Suppose 2*a = 4*a - 20. What is the greatest common factor of o and a?
10
Suppose 0 = 4*f - 16, 5*t + 2*f + 167 - 815 = 0. What is the highest common divisor of t and 576?
64
Let c = -152 + 68. Let d = -77 - c. Let j(q) = q**3 - 5*q**2 + q - 4. Let h be j(5). What is the greatest common divisor of d and h?
1
Let y(l) = -4*l**2 + 165*l - 166*l - l**3 + 2 + 0*l**3. Suppose -5*o = 30 - 10. Let f be y(o). What is the highest common divisor of f and 12?
6
Suppose 0 = k - 0 - 4. Let x(z) = -3*z + 16. Let t be x(4). Calculate the greatest common divisor of k and t.
4
Let c(w) = -w**2 - 7*w + 1. Let i be c(-7). Let k(h) = 17*h - 1. Let a be k(i). Calculate the greatest common divisor of 24 and a.
8
Suppose -18 = 2*w - 3*w. Let p be 8 - (-3 + (-266)/2). Calculate the greatest common divisor of p and w.
18
Suppose 72*x - 83*x = -3476. What is the greatest common divisor of x and 4?
4
Let u(w) = 3*w**2 + 53*w + 16. Let g be u(-18). What is the greatest common divisor of g and 697?
17
Let a be (0 - 0)*(10 - 11). Suppose 3*o - 5 - 1 = a. Suppose -l + 92 = 2*q, -5*q = -o*q + 3*l - 144. What is the greatest common divisor of 4 and q?
4
Let b(q) = q**2 - q + 60. Let s be b(0). Suppose -60 = -u - 4*r, 55 - 1 = u + 3*r. Calculate the highest common divisor of u and s.
12
Let r = -8 - 4. Let s = r + 33. Let d = 2 + s. What is the greatest common divisor of d and 69?
23
Suppose 27 = -g + 4*g. Let b = -22 + 24. Suppose 0 = -r - b*t + 37 + 6, 0 = -2*r + 5*t + 95. Calculate the highest common factor of r and g.
9
Let m(l) = 8*l**2 + 193*l - 25. Let j be m(-25). What is the greatest common factor of j and 6?
6
Suppose 4 = -352*o + 354*o. Calculate the greatest common divisor of 34 and o.
2
Let z(x) = x**2 - 32*x + 67. Let r be z(30). Calculate the greatest common divisor of 91 and r.
7
Let u = 33 + -17. Let g be (-4 - -7)*u/3. What is the highest common divisor of 4 and g?
4
Suppose 4*l = -4*t - 6 - 26, 0 = -3*t + l - 28. Let c(m) = -m**3 - 10*m**2 - 12*m + 9. Let p be c(t). Calculate the greatest common divisor of 4 and p.
4
Let i be ((-2)/8)/(4/(-80)). Suppose 623 = i*z - 297. Suppose -4*p - f = -5*f - z, 3*f - 6 = 0. Calculate the greatest common divisor of 12 and p.
12
Suppose -956 = -2*x + 1092. What is the highest common divisor of 8 and x?
8
Suppose -23 = -6*i + 49. Suppose -7*x = -11*x + i, 0 = -5*u - x + 48. Calculate the highest common factor of u and 12.
3
Let o be (-1*(-2)/4)/((-58)/(-22968)). Calculate the highest common factor of 3 and o.
3
Let d = 6 + 0. Let s be 85/(-15) - (-4)/d. Let h = -1 - s. Calculate the greatest common divisor of h and 32.
4
Let r(a) = a**2 + 2*a + 2. Let b be r(-3). Suppose -4*s + 8 - 38 = 2*t, b*t = -2*s + 5. Let l = 22 + s. Calculate the greatest common factor of 12 and l.
12
Let p be 98/(-4)*(-4)/(-2)*-1. Calculate the highest common divisor of 7 and p.
7
Let p(m) = 2*m**2 + 3*m + 7. Let x be p(5). Let j(o) = 7*o**2 - o. Let u be j(-1). Calculate the greatest common divisor of x and u.
8
Suppose -3*d + 192 = 4*j - d, -2*j = -d - 88. Calculate the highest common factor of j and 483.
23
Let c be (232/(-14))/((-22)/77). What is the highest common factor of 58 and c?
58
Let b be 0 + 271 + -15 + 14. What is the highest common factor of 360 and b?
90
Suppose 0 = 4*b + 5*f + 177, 0*f + 102 = -2*b + 2*f. Let u = -30 - b. Calculate the highest common divisor of u and 27.
9
Suppose -4*w + 6 = 38. Let i = 6 + w. Let r be (-18 + i)*(-3)/2. Calculate the greatest common factor of 15 and r.
15
Let y(u) = u**2 + 3*u - 2. Let j be y(2). Let g = -2 + j. Let z(o) = -49*o**3 - 1. Let q be z(-1). What is the greatest common factor of g and q?
6
Let v = -6 - -8. Suppose -2*w = 2*l - 7*l + 472, v*l = 5*w + 172. Calculate the highest common factor of l and 12.
12
Suppose 0 = -0*g - 5*g. Suppose g = 3*o - 0*o - 12. Suppose -j = o*i - 118, j - 58 = i - 3*i. Calculate the greatest common divisor of 45 and i.
15
Let m = 24 - 24. Suppose 29 = 2*z - 3*q - m*q, -4*z - 4*q = -68. Suppose -2*n + 1 + z = -k, -n + k + 7 = 0. What is the highest common divisor of n and 10?
10
Let p = 3 - 5. Let t be ((-78)/(-24))/(p/(-32)). Suppose 48 + t = h. What is the highest common factor of 40 and h?
20
Let q = -29 + 33. Suppose 0 = -q*i - 0 + 396. Calculate the greatest common factor of i and 11.
11
Let p = 10 - 7. Let i(l) = l + 4. Let f be i(-7). Let z(b) = -2*b - 3. Let c be z(f). What is the greatest common factor of p and c?
3
Suppose 3*x - 3*k = 129, -3*k + 48 = 4*x - 110. Let d = 137 - x. What is the greatest common divisor of 6 and d?
6
Suppose -4*r - 16 = 0, 2*i = 6*i + 5*r - 340. Calculate the highest common divisor of i and 945.
45
Suppose -z - 4 = -0*z, 2*c - 3*z - 92 = 0. Calculate the greatest common factor of c and 110.
10
Let d(m) = -2 + 8*m**2 - m**3 - 8*m + 2. Let t be d(6). Suppose -5*x + 5*o = -2*x - 43, -5*x - o + 81 = 0. What is the greatest common factor of t and x?
8
Let j be 4/(-10) + 3856/40. What is the greatest common factor of 36 and j?
12
Suppose 2*r + 210 = 7*r. Suppose -h = -3*i + 37, 2*i - 4*h + 4 = 12. Calculate the highest common divisor of r and i.
14
Suppose -22*z + 18 = -21*z. Calculate the greatest common divisor of z and 528.
6
Let a(w) = -w**2 + 17*w - 46. Let u be a(11). What is the highest common factor of u and 12?
4
Let a(d) = -d**3 + 9*d**2 - 5*d + 12. Let i be a(8). Suppose 26 = 3*x + l, -5*x + i + 7 = 2*l. Calculate the greatest common facto